j(v) = -v**3 + 5*v**2 + 5*v. Calculate j(l).
-6
Let p = 23 + -17. Let x(c) be the first derivative of -c**2/2 - 5*c + 1. Calculate x(p).
-11
Let h = 11 - 7. Let b(j) = j**3 - h*j + 3*j - 4 - 2*j**2 + 0*j**3. Determine b(3).
2
Suppose 5*p + 0*p - 10 = 0. Let a(c) = -c**3 - 2*c + 11 + 0*c + 5*c**p - 2*c - 9. Determine a(4).
2
Let o(g) = g**2 + 6*g + 7. Let p be o(-5). Suppose 0 = -2*n + 2*s - 2, 2*n - 14 = -4*s + p. Let u(k) = 2*k**3 - 3*k**2 + 2*k. Calculate u(n).
8
Let g(k) = -1 - 4 + 2 + 3*k. Let q(u) = -u + 2. Let l(h) = 3*g(h) + 5*q(h). Let t(c) = -c**2 + 4*c - 3. Let z be t(2). Calculate l(z).
5
Let x(n) = -n**2 + 4*n. Let o = -34 - -39. What is x(o)?
-5
Let i(y) = y**3 - 6*y**2 + 1. Suppose 3*p - 2*p - 9 = -2*a, 0 = 3*a - 4*p - 30. Give i(a).
1
Let m(l) = 2*l + 2*l + 1 + l**2 - 3. Let o be m(-5). Suppose 8*w - 3*w + 7 = f, -5*f + 7 = o*w. Let r(u) = -8*u**2 + u. Determine r(w).
-9
Suppose -34 = 2*r - 2. Let z be (-10)/8 - 4/r. Let b(t) = -8*t**2 + t. Determine b(z).
-9
Let y(k) = -k**2 + k + 2. Suppose 2*b - 4*c = 18 + 4, -b - 17 = 5*c. Let s be y(b). Let v(q) = -q**3 - 6*q**2 - 6*q - 2. Determine v(s).
-10
Let w(z) be the first derivative of -z**3/3 - z**2 + 4*z + 2. Let t be (-2)/7 - (-2)/7. Let d = -4 + t. Give w(d).
-4
Let i(v) be the first derivative of -v**4/4 - 4*v**3/3 + 4*v + 3. Give i(-3).
-5
Let c(d) = 2 - 10*d - 12 + 2 + 7. Calculate c(2).
-21
Let h(b) = b - 2. Let v(a) = 4*a - 5. Let z be (4/(-3))/(4/(-6)). Let s(w) = z*v(w) - 7*h(w). Calculate s(-3).
1
Let t(p) = -p**3 + 7*p**2 - 6*p + 4. Let x = -4 - -12. Let z = x - 7. Suppose u = 7 - z. Give t(u).
4
Let d(g) be the second derivative of g**5/60 - g**4/12 + g**2 + 5*g. Let f(u) be the first derivative of d(u). Determine f(3).
3
Let r(m) = 2*m**2 - 1 + 0*m + m - 6*m**2. Calculate r(1).
-4
Let b(f) = f**3 - 8*f**2 + 5*f + 8. Let y be b(7). Let x be y/2*(-1)/(-1). Let k(s) be the third derivative of -s**4/24 - s**3/2 + 5*s**2. Give k(x).
0
Let a(o) = -10 - o**2 - 5 + 5*o + 16. Determine a(6).
-5
Let n(r) be the first derivative of 21*r**4/4 - 2*r**3/3 - r**2/2 + 4. Give n(-1).
-22
Let l(z) be the first derivative of -z**4/4 - 7*z**3/3 + 9*z**2/2 + 12*z + 21. Calculate l(-8).
4
Suppose 2*h - 20 = -3*h. Let y(o) = -5*o**3 - 11*o**2 - o - 8. Let p(a) = 6*a**3 + 12*a**2 + 2*a + 9. Let i(k) = 6*p(k) + 7*y(k). What is i(h)?
2
Let w(y) be the first derivative of 5/3*y**3 + y**2 - 4 + 1/4*y**4 - 2*y. Let f = 0 - 4. Determine w(f).
6
Let z(s) = -s - 3*s**2 + s**3 + 3*s**2 - 34 + 41. Calculate z(0).
7
Let u be (-2)/(0 + 4/6). Let b be ((-4)/12)/(1/(-15)). Let a(k) = -2 - k + k**2 + b*k + k - 2*k. Give a(u).
-2
Let l(d) = -3. Let p(k) = 1. Let u(a) = 2*l(a) + 7*p(a). Let y(i) = -i**2 - 4*i - 1. Let g(f) = -2*u(f) - y(f). What is g(-4)?
-1
Let c(s) = 5*s**2 + 2*s - 1. Let d be c(1). Let m(k) = k**2 - 7*k - 7. Determine m(d).
-13
Let n(f) = -f**2 - 1 + 10*f + 2*f - 8*f + f. Give n(5).
-1
Let t(k) = 6*k**2 + 1. Suppose -2*x + 4*x - 8 = 0. Suppose x*c + 7 = 27. Suppose 0 = -c*j - 2*z + 6*z - 17, z - 8 = 5*j. What is t(j)?
7
Let n = 9 - 6. Let g(l) be the third derivative of l**5/20 - l**4/8 - l**3/3 + 3*l**2. Calculate g(n).
16
Let v(l) be the third derivative of -l**6/40 + l**5/15 - l**4/24 - l**3/3 + l**2. Calculate v(2).
-12
Let x(n) = -10 + 11*n**2 - 3*n - 29*n**2 + 19*n**2 + 4*n. Determine x(-7).
32
Let z = 38 + -38. Let b(x) = x**3 - x**2 + x. What is b(z)?
0
Suppose -r - 4 = 3*w - 1, -4*r - w = -10. Let j(h) be the third derivative of 0*h + 1/24*h**4 - 1/60*h**5 - 2*h**2 + 0 - 2/3*h**r. Determine j(3).
-10
Let h(d) = d + 7. Let j(q) = 2*q + 13. Let z(n) = 5*h(n) - 2*j(n). Suppose 2*v - f = -4, 2*v + 11 = -4*f - 13. Calculate z(v).
5
Let s(o) = 4*o**2 - 1 + 6*o**3 - 5*o**2 + 4*o - 7*o**3. Calculate s(-3).
5
Suppose -2*p + 3*t = 2, p = 4*t - 7*t + 17. Let q(z) be the first derivative of -z**2/2 + 6*z + 1. Determine q(p).
1
Let o(c) = -6*c + 11. Let v(q) = 5*q - 10. Let m(g) = 6*o(g) + 7*v(g). Let n(t) = 1. Let f(r) = -m(r) + 2*n(r). Let y = -2 + -3. What is f(y)?
1
Let n(o) = -o**2 - 4*o + 2. Let l = 15 + -20. Give n(l).
-3
Let s(q) be the second derivative of -q**3/3 - 7*q**2/2 - 2*q. Determine s(-5).
3
Let p = -8 + 0. Let m = p + 4. Let v(k) be the first derivative of -k**2 + 7. Determine v(m).
8
Let q(w) = -17*w - 1. Let c be (1 - -1)/(4 + -3). Let i be c*-2*(-3)/(-6). Let r(y) = 2*y. Let k(n) = i*q(n) - 18*r(n). What is k(4)?
-6
Let z = -8 - -11. Let q(w) = z + 6*w**2 - w + 0*w + 0 - 4. What is q(-1)?
6
Let s(g) be the second derivative of g**3/3 + g**2/2 - 6*g. Calculate s(4).
9
Let m(f) = -f - 3. Suppose 0 = -3*a - 12, -5*v + 5*a + 22 + 8 = 0. Suppose 4 - 2 = -v*g. Let u be g*(1 - -4)*1. Determine m(u).
2
Let z(f) = -2*f + 2. Suppose -2*h + 5 = 5*y + 19, 3*h - 4*y = 2. Determine z(h).
6
Suppose 0*x = 7*x - 14. Let f(q) = q**3 - 2*q - 13*q**2 + 6*q - 7 + 15*q**2 + 5*q**x. Give f(-6).
5
Let y = -1 + 3. Suppose -j = -y*j + 2. Let z(g) = 2*g**2 + 2*g - 1. Give z(j).
11
Let q(n) = n**2 + n + 0*n + n**2 - 3*n**2 + 4. Let t = 6 + -6. What is q(t)?
4
Let q = 2 + -2. Let d(h) = 1 - 2 - 2*h**2 - 6 - h**3 + h**2. Calculate d(q).
-7
Let d(v) = -1 + v - 1 - 2 + 0. Give d(4).
0
Let q be (-8)/(-76) - 385/(-133). Let i(f) = -6*f + 3. Calculate i(q).
-15
Suppose 3*a = -4*a - 14. Let g(c) = 3*c + 2. Determine g(a).
-4
Suppose -40 = -3*p - 2*p. Suppose 3*r + r = p. Let m(f) = -f**3 - r - f + 2*f**3 + 5*f**2 + 5*f. Give m(-4).
-2
Let y(s) = -s**2 + 1. Let l = -1 + 2. Let w be y(l). Let f(n) = 7*n + 3 + w + n**2 + 4. Determine f(-5).
-3
Suppose -13 = -6*z - 85. Let k be 3*(2 - 6)/z. Let u(g) be the second derivative of -4*g**3/3 - g**2/2 + g. What is u(k)?
-9
Let c be 1 + 0 - (-6)/2. Suppose 5*m + 45 = -2*p - 2*p, c*m - p + 15 = 0. Let r(f) = -f**3 - 5*f**2 + f + 6. Determine r(m).
1
Let u(i) = -i - 5. Let n = 23 - 19. Suppose 6 - 13 = l - k, 0 = l + 2*k + n. Give u(l).
1
Let g(h) be the first derivative of -2*h + 1/3*h**3 + 3 + 2*h**2. Calculate g(-5).
3
Let r(v) = -v - 3. Let t = 17 + -12. Determine r(t).
-8
Let v(j) be the first derivative of -j**4/4 - 4*j**3/3 + 5*j**2/2 + 3*j + 1. Suppose 0 = w + 2*w + 15. Give v(w).
3
Let u(c) = 4 + 2 - 3*c - 3 - 5*c**2 - c**3. Let m = 4 - -4. Let f = 5 - m. Determine u(f).
-6
Let h(b) = b**2 - 1 + b**2 + 55*b**3 - 54*b**3 - 2*b. Calculate h(-3).
-4
Let x(l) = l**2 - 11*l - 35. Let f be x(13). Let k(w) = -w**2 - 9*w + 1. Give k(f).
1
Suppose 5*p + 34 + 1 = 0. Let b(g) = g**3 + 6*g**2 - 7*g + 4. What is b(p)?
4
Let y(z) = z**2 - 13*z - 2. Let d(q) = -q + 1. Let o(w) = -6*d(w) + y(w). Calculate o(7).
-8
Let w(z) = -3*z**2 + 6*z + 4. Let c(k) = 2*k**2 - 4*k - 3. Let g(l) = -8*c(l) - 5*w(l). Calculate g(3).
1
Let x(c) = 20 + 3*c - 48 + 25. Give x(-5).
-18
Suppose -3*i + 5*p = 1, 4 + 1 = i + p. Let z(j) = j**3 - 3*j**2 + 0*j**i - 1 + 4*j - 2*j**2 - 5. Calculate z(4).
-6
Let j(u) be the third derivative of 0*u - 1/24*u**4 + 0*u**3 + 0 + 2*u**2. Calculate j(6).
-6
Let k be (12/(-14))/(20/(-35)). Let n(m) be the first derivative of -2/3*m**3 - 1/2*m**4 + 2*m + k*m**2 - 1. Give n(-2).
4
Suppose -18 = 14*q + 38. Let d(u) = -u + 3. Give d(q).
7
Let f(a) = a + 8. Let u be 14 + -3 - (0 - 1). Let w = 7 - u. Determine f(w).
3
Let z be (-3)/27 + 20/18. Let h(i) = -13*i + 1. Determine h(z).
-12
Suppose -u - 13 = -0*u + 3*p, -2*p = -3*u + 16. Let x(b) = -u*b**2 + b + b**3 + b**2 + 3*b**2 - 1. What is x(-2)?
-3
Suppose 2*j = 5*j - 18. Let k be j/4 - (-10)/(-20). Let u(d) = -d + 1. Determine u(k).
0
Let r(k) = 4*k**2. Let j be (19/95)/((-1)/(-5)). Determine r(j).
4
Let j(n) = -4*n**2. Let c(f) = f**2 + 6*f + 1. Let q be c(-5). Let o be (-3)/q - (-14)/(-8). Let v be j(o). Let s(r) = -r - 9. Determine s(v).
-5
Let h = 9 - 2. Let x(y) = -8*y + 15. Let c(l) = -l + 1. Let w(z) = -6*c(z) + x(z). Let k be w(h). Let s(t) = -t**3 - 6*t**2 - 6*t - 4. Calculate s(k).
1
Let y be ((-2)/3)/((-4)/6). Let r(w) = -w**2 + 1. Let q(l) = -2*l**3 + 6*l**2 - 6. Let m(b) = -q(b) - 6*r(b). What is m(y)?
2
Suppose 0 = 5*w + 24 + 11. Let o = -4 - w. Let u(y) = -o*y**2 + 2*y**2 - 5 + 3. What is u(2)?
-6
Let f = 49/97 + -1/194. Let l(c) be the second derivative of -1/20*c**5 + 0 + 0*c**4 - f*c**2 - 1/6*c**3 + 3*c. What is l(2)?
-11
Suppose -3*b - 3 + 9 = 0. Let k(n) = 3*n**b + n**2 + 5*n + n**3 + 0*n - 2